{"id":444,"date":"2019-04-03T17:25:00","date_gmt":"2019-04-03T15:25:00","guid":{"rendered":"https:\/\/marcbelit.com\/?page_id=444"},"modified":"2025-12-27T17:58:30","modified_gmt":"2025-12-27T16:58:30","slug":"biographie","status":"publish","type":"page","link":"https:\/\/marcbelit.com\/index.php\/biographie\/","title":{"rendered":"Biographie"},"content":{"rendered":"\n<p>MARC BELIT<\/p>\n\n\n\n<figure class=\"wp-block-image\"><img loading=\"lazy\" decoding=\"async\" width=\"845\" height=\"1024\" src=\"https:\/\/marcbelit.com\/wp-content\/uploads\/2019\/04\/marc-zn-gris-2-e1554642129156-845x1024.jpg\" alt=\"\" class=\"wp-image-492\" srcset=\"https:\/\/marcbelit.com\/wp-content\/uploads\/2019\/04\/marc-zn-gris-2-e1554642129156-845x1024.jpg 845w, https:\/\/marcbelit.com\/wp-content\/uploads\/2019\/04\/marc-zn-gris-2-e1554642129156-248x300.jpg 248w, https:\/\/marcbelit.com\/wp-content\/uploads\/2019\/04\/marc-zn-gris-2-e1554642129156-768x930.jpg 768w, https:\/\/marcbelit.com\/wp-content\/uploads\/2019\/04\/marc-zn-gris-2-e1554642129156-1200x1453.jpg 1200w\" sizes=\"auto, (max-width: 709px) 85vw, (max-width: 909px) 67vw, (max-width: 1362px) 62vw, 840px\" \/><figcaption class=\"wp-element-caption\">Marc B\u00e9lit<\/figcaption><\/figure>\n\n\n\n<p><br><\/p>\n\n\n\n<p>A \u00e9crit plusieurs ouvrages: philosophie, romans, nouvelles, po\u00e9sie, essais sur la culture\u00a0: Il est chroniqueur dans la R\u00e9publique des Pyr\u00e9n\u00e9es. Et anime un Blog sur Internet\u00a0:<strong> leblogdemarcbelit<\/strong><\/p>\n\n\n\n<p>Publications&nbsp;: &#8211; Le D\u00e9fi culturel (collectif) &#8211; Fragments d\u2019un discours culturel (\u00e9ditions S\u00e9guier) &#8211; G.Granel L\u2019\u00e9clat, l\u2019ouvert (collectif) \u00e9ditions Belin &#8211;<strong> Le Parvis une Sc\u00e8ne nationale atypique<\/strong> (S\u00e9guier) &#8211;<strong> Le malaise de la culture<\/strong> (\u00e9ditions S\u00e9guier): (Prix de l\u2019Acad\u00e9mie des Sciences morales et politiques 2008) &#8211;<strong> Le spectacle au c\u0153ur<\/strong> (m\u00e9moires d&rsquo;un directeur de th\u00e9\u00e2tre : \u00e9ditions S\u00e9guier) &#8211; <strong>Le Philosophe amoureux<\/strong> (roman: \u00e9ditions Odile Jacob) \u00ab\u00a0<strong>Sur le moment<\/strong>\u00a0\u00bb recueil de chroniques culturelles 2007\/2017(Cairn \u00e9diteur)  <strong>\u00ab\u00a0L&rsquo;Argentina<\/strong>\u00ab\u00a0( roman : Atlantica \u00e9diteur). <strong>Le Parvis un demi-si\u00e8cle de culture<\/strong> (lettre \u00e0 un jeune qui veut se lancer dans la culture) 2015 (Cairn \u00e9diteur).<\/p>\n\n\n\n<p><\/p>\n","protected":false},"excerpt":{"rendered":"<p>MARC BELIT A \u00e9crit plusieurs ouvrages: philosophie, romans, nouvelles, po\u00e9sie, essais sur la culture\u00a0: Il est chroniqueur dans la R\u00e9publique des Pyr\u00e9n\u00e9es. Et anime un Blog sur Internet\u00a0: leblogdemarcbelit Publications&nbsp;: &#8211; Le D\u00e9fi culturel (collectif) &#8211; Fragments d\u2019un discours culturel (\u00e9ditions S\u00e9guier) &#8211; G.Granel L\u2019\u00e9clat, l\u2019ouvert (collectif) \u00e9ditions Belin &#8211; Le Parvis une Sc\u00e8ne nationale &hellip; <a href=\"https:\/\/marcbelit.com\/index.php\/biographie\/\" class=\"more-link\">Continuer la lecture<span class=\"screen-reader-text\"> de &laquo;&nbsp;Biographie&nbsp;&raquo;<\/span><\/a><\/p>\n","protected":false},"author":1,"featured_media":0,"parent":0,"menu_order":0,"comment_status":"closed","ping_status":"closed","template":"","meta":{"footnotes":""},"class_list":["post-444","page","type-page","status-publish","hentry"],"_links":{"self":[{"href":"https:\/\/marcbelit.com\/index.php\/wp-json\/wp\/v2\/pages\/444","targetHints":{"allow":["GET"]}}],"collection":[{"href":"https:\/\/marcbelit.com\/index.php\/wp-json\/wp\/v2\/pages"}],"about":[{"href":"https:\/\/marcbelit.com\/index.php\/wp-json\/wp\/v2\/types\/page"}],"author":[{"embeddable":true,"href":"https:\/\/marcbelit.com\/index.php\/wp-json\/wp\/v2\/users\/1"}],"replies":[{"embeddable":true,"href":"https:\/\/marcbelit.com\/index.php\/wp-json\/wp\/v2\/comments?post=444"}],"version-history":[{"count":6,"href":"https:\/\/marcbelit.com\/index.php\/wp-json\/wp\/v2\/pages\/444\/revisions"}],"predecessor-version":[{"id":1009,"href":"https:\/\/marcbelit.com\/index.php\/wp-json\/wp\/v2\/pages\/444\/revisions\/1009"}],"wp:attachment":[{"href":"https:\/\/marcbelit.com\/index.php\/wp-json\/wp\/v2\/media?parent=444"}],"curies":[{"name":"wp","href":"https:\/\/api.w.org\/{rel}","templated":true}]}}

<p>MARC BELIT</p>



<figure class="wp-block-image"><img loading="lazy" decoding="async" width="845" height="1024" src="https://marcbelit.com/wp-content/uploads/2019/04/marc-zn-gris-2-e1554642129156-845x1024.jpg" alt="" class="wp-image-492" srcset="https://marcbelit.com/wp-content/uploads/2019/04/marc-zn-gris-2-e1554642129156-845x1024.jpg 845w, https://marcbelit.com/wp-content/uploads/2019/04/marc-zn-gris-2-e1554642129156-248x300.jpg 248w, https://marcbelit.com/wp-content/uploads/2019/04/marc-zn-gris-2-e1554642129156-768x930.jpg 768w, https://marcbelit.com/wp-content/uploads/2019/04/marc-zn-gris-2-e1554642129156-1200x1453.jpg 1200w" sizes="auto, (max-width: 709px) 85vw, (max-width: 909px) 67vw, (max-width: 1362px) 62vw, 840px" /><figcaption class="wp-element-caption">Marc Bélit</figcaption></figure>



<p><br></p>



<p>A écrit plusieurs ouvrages: philosophie, romans, nouvelles, poésie, essais sur la culture : Il est chroniqueur dans la République des Pyrénées. Et anime un Blog sur Internet :<strong> leblogdemarcbelit</strong></p>



<p>Publications&nbsp;: &#8211; Le Défi culturel (collectif) &#8211; Fragments d’un discours culturel (éditions Séguier) &#8211; G.Granel L’éclat, l’ouvert (collectif) éditions Belin &#8211;<strong> Le Parvis une Scène nationale atypique</strong> (Séguier) &#8211;<strong> Le malaise de la culture</strong> (éditions Séguier): (Prix de l’Académie des Sciences morales et politiques 2008) &#8211;<strong> Le spectacle au cœur</strong> (mémoires d&rsquo;un directeur de théâtre : éditions Séguier) &#8211; <strong>Le Philosophe amoureux</strong> (roman: éditions Odile Jacob) « <strong>Sur le moment</strong> » recueil de chroniques culturelles 2007/2017(Cairn éditeur)  <strong>« L&rsquo;Argentina</strong>« ( roman : Atlantica éditeur). <strong>Le Parvis un demi-siècle de culture</strong> (lettre à un jeune qui veut se lancer dans la culture) 2015 (Cairn éditeur).</p>



<p></p>

<p>MARC BELIT A écrit plusieurs ouvrages: philosophie, romans, nouvelles, poésie, essais sur la culture : Il est chroniqueur dans la République des Pyrénées. Et anime un Blog sur Internet : leblogdemarcbelit Publications&nbsp;: &#8211; Le Défi culturel (collectif) &#8211; Fragments d’un discours culturel (éditions Séguier) &#8211; G.Granel L’éclat, l’ouvert (collectif) éditions Belin &#8211; Le Parvis une Scène nationale &hellip; <a href="https://marcbelit.com/index.php/biographie/" class="more-link">Continuer la lecture<span class="screen-reader-text"> de &laquo;&nbsp;Biographie&nbsp;&raquo;</span></a></p>
